t derivative of -r**4/4 - r**3/3 - 13. Let o = -97 + 103. Suppose -j + 4*q + o = 0, -j + 5*j + q + 10 = 0. Give y(j).
4
Let q(i) = -i**3 + 3*i**2 + 3*i - 2. Suppose -42 = -8*s - 2. Suppose -1 = s*u + 4*m - 8, 3*u = 3*m + 15. Give q(u).
7
Let b be (-10)/(800/328) + 1/10. Let v(a) = -a - 8. Give v(b).
-4
Suppose 5*x = s + 18, -3*x - 30*s + 27*s = 18. Let w(d) be the first derivative of -3*d + 20 - 3/2*d**x. Calculate w(-2).
3
Suppose 16*h = -3*h - 152. Let u(g) = -2*g**3 + 9*g**2 + 6*g + 15. Let z(i) = -5*i**3 + 18*i**2 + 11*i + 31. Let c(l) = 7*u(l) - 3*z(l). Calculate c(h).
4
Let h(r) = 11*r - 8. Let t be h(1). Suppose 3*w + t*d = -6, 0 = 4*w + d - 0*d - 4. Let i(a) = -a**3 + 3*a**2 - a - 1. What is i(w)?
1
Let r(z) = z**3 + 23*z**2 - 22*z + 42. Let w be r(-24). Let n(i) = i**3 + 4*i**2 - 8*i - 4. Determine n(w).
-28
Let u(l) be the second derivative of 2 + 1/2*l**2 - 10/3*l**3 + 2*l. Determine u(-1).
21
Let f(n) = -3*n**3 + 15*n**2 + 3*n + 9. Let a = 160 - 155. Let s(k) = -2*k**3 + 8*k**2 + 2*k + 4. Let x(z) = a*s(z) - 3*f(z). Determine x(-5).
-12
Let z(b) be the second derivative of -b**5/20 - 19*b**4/12 + 7*b**3/3 - 34*b**2 + 11*b + 117. What is z(-20)?
52
Let m(x) = -5*x**3 + 3*x**2 - 3*x - 7. Let k(f) = -f**3 - f**2 + f - 1. Let v(u) = -4*k(u) + m(u). Suppose -24*d + 59*d - 210 = 0. Determine v(d).
-9
Let x(m) = -m**2 - 9*m + 11. Suppose 16431 + 3577 = -41*d. Let k = d + 479. What is x(k)?
11
Suppose -63*g - 5 = -59*g - 3*k, -2*g - k = 5. Let t(r) = 3*r**3 + 2*r**2 - r + 1. Calculate t(g).
-13
Let w = 196 + -193. Suppose -4 = -2*m + w*x - 20, x = 0. Let h(z) = -z - 11. What is h(m)?
-3
Let t(p) = -p**3 - 29*p**2 + 65*p + 93. Let j be t(-31). Suppose j = 14*h - 45*h + 186. Let g(o) = o - 9. Give g(h).
-3
Let l = 1250/39 + -408/13. Let v(t) be the third derivative of 0 + l*t**3 + 0*t + 22*t**2 + 1/60*t**5 + 1/4*t**4. Calculate v(-4).
-4
Suppose 4*b = 14 - 6. Let c(k) = k + 1. Let y(s) = -s + 2. Let h(g) = b*c(g) + y(g). Suppose 10 = 2*d, 4*r - d + 2*d + 19 = 0. Determine h(r).
-2
Let s = -16839 + 16846. Let x(q) = 3*q**3 - 21*q**2 - q + 10. Calculate x(s).
3
Let n be ((-6)/11)/(-3) + 150/22. Suppose -5 = n*i - 6*i. Let y(v) be the first derivative of v**4/4 + 2*v**3 + 5*v**2/2 + v - 4. Determine y(i).
1
Let x(v) = 16*v - 43161*v**2 + 86327*v**2 - 43164*v**2 + 11. What is x(-11)?
77
Let k be (-20)/(-6) - 15/45. Suppose 9*u - c = 4*u + 9, 5 = u + k*c. Let v(f) = -4 - 4*f - 7*f**u + 6 + 4 + 1 - f**3. Determine v(-6).
-5
Let s(i) = -13*i**3 - 2*i**2 - 1. Let b(f) = 131*f**3 + 22*f**2 - f - 42. Let l(c) = b(c) + 10*s(c). Calculate l(0).
-52
Let n(d) = -d**2 + 8*d + 3. Let j be (24/(-192)*6)/((-6)/64). What is n(j)?
3
Let j(d) = -d**3 + 23*d + 21*d + 24*d - 410*d**2 + 424*d**2 - 55*d + 25. What is j(15)?
-5
Let c(w) = 7*w + 1. Let j be (3 - 2) + 24 + 8 + -10. Suppose -26*z + 12 = -j*z. Let m = 3 - z. Determine c(m).
-6
Let o(b) = -2*b**2 + 657*b - 657*b + 20*b**3 + 1. Give o(-1).
-21
Let t(j) = 13*j**3 - 27*j**2 + 35*j - 16. Let r(i) = 5*i**3 - 13*i**2 + 17*i - 7. Let o(w) = -5*r(w) + 2*t(w). Calculate o(-12).
39
Let m(q) = -15*q**2 + q. Let b = 315 + -286. Let u = 30 - b. Calculate m(u).
-14
Let a(p) = p**3 - 7*p**2 + 11*p + 4. Let q be a(5). Suppose 7*j - q = 5. Let i(w) = w**3 - w**2 - 3*w + 3. Give i(j).
1
Let o(w) = -1 + 0 - 3*w - 9 - 2. Let n be o(-7). Suppose 12*b - 9*b = n. Let f(g) = g**2 + 2. Give f(b).
11
Let q(n) be the first derivative of -n**2/2 - 2*n - 556. What is q(-6)?
4
Let f be 78 + 12 + -4 + 1. Let v be ((-16)/(-6))/(29/f). Let r(m) = m**2 - 7*m - 3. What is r(v)?
5
Let h(l) = -l**3 + 18*l**2 - l - 12. Let z(m) = m**2 - 12*m - 1171. Let u be z(41). What is h(u)?
-30
Let k be 72/(-27)*-3 + -3 + 0. Let l(o) = o**3 - 5*o**2 + 9*o - 20. Determine l(k).
25
Let v(w) = 276*w + 280*w - 830*w + 28 + 299*w. What is v(-4)?
-72
Let q be 8 + ((-32)/(-4))/(-2). Let x(t) = q + 2 + 1 + 4*t + 3 - 21. Give x(5).
9
Let n be (1/(-3))/((-4)/108). Suppose 18 = n*m - 0. Suppose -5*y = 3*a - 7, 4*y + 0*y + m*a - 4 = 0. Let c(j) = -13*j**3 - j**2. Give c(y).
12
Let w(a) = -5*a - 16. Let u(b) = 25*b + 85. Let p(k) = k**2 + 10*k - 73. Let h be p(-15). Let y(q) = h*u(q) + 11*w(q). Give y(-4).
14
Let i(o) = -20*o**3 - 2*o**2 + o. Let u = -3020 - -3021. Calculate i(u).
-21
Let w = 29 - 26. Let o(f) = 4*f + 3. Let a be o(0). Let l(d) = -50 - 3*d + 46 + 2*d**3 - d**2 - d**a. Determine l(w).
5
Let j = -28435 - -28435. Let h(w) = 160*w + 6. Give h(j).
6
Suppose -4*k + 4*l + 12 = 0, -4*k - l = l. Let t be ((-20)/(-25) - k)/((-1)/35). Let r(m) = m + 2. Calculate r(t).
9
Let r(m) = -m**3 - 5*m**2 - 5*m - 2. Suppose -3*w = -3*o + 24, 3*o = o - 2*w - 4. Let k be (2 + -12)*(2 + 1)/o. Let f be 96/(-40) - (14/k + 2). Give r(f).
-5
Let j(l) = -24*l**2 + l + 2. Let s = 31 - 42. Let g(q) = -122*q**2 + 6*q + 11. Let y(i) = s*j(i) + 2*g(i). Let b = 0 - -1. What is y(b)?
21
Let m(t) = t**2 - t - 10. Let q be (0/(-5))/(-6) + 4. Suppose g + 3*s = 3, -5*s + 9*s - q = g. What is m(g)?
-10
Suppose 4*v - 17 = -5*j - 4, v - 16 = 3*j. Suppose h + v - 3 = 2*m, 0 = 4*h + 16. Let f(y) = m - y + 5 + 1 - 4. Calculate f(2).
0
Let y(u) = -96*u - 868. Let s be y(-9). Let i(k) = -5*k**2 - 20*k + 6. Determine i(s).
6
Let y(z) = -145*z - 90 - 110*z - 137*z + 348*z. Give y(-2).
-2
Let a(z) = z**2 - 1. Let i be (338/845)/(4/50). Give a(i).
24
Let l(x) = x**3 + 12*x**2 - 15*x + 8. Let s = 1755 - 1768. What is l(s)?
34
Let v(u) = 78. Let n(y) = -y - 68. Let f(c) = 7*n(c) + 6*v(c). Give f(-3).
13
Let y(v) = v**2 + 5*v - 60. Suppose -119*o - 993 = 502 - 186. Calculate y(o).
6
Suppose 7*n = 17*n - 880. Let f(w) = -n - 2*w - w**2 + 92 - 3*w. Give f(-8).
-20
Let i(o) = 26*o + 103. Let g = 16029 + -16033. Determine i(g).
-1
Let m(v) = v**2 + 2*v - 136. Let l be m(-14). Suppose 6*x = 8 - l. Let y(g) = 3 - g**2 - 2 - 3*g + 1. Calculate y(x).
-2
Let x(q) = -q**2 + 8*q + 424. Let f be x(25). Let y(p) = -6*p**3 + 3*p**2 - p - 3. Calculate y(f).
7
Let m be (4/2 + -7)*(-252)/105. Let q(l) = 24*l - m*l - 63 + 32 + 30 + 21*l. What is q(1)?
32
Let n = 500 + -1493/3. Let q(b) be the first derivative of 1/4*b**4 + 9*b + n*b**3 + 3/2*b**2 - 26. Calculate q(-7).
-12
Let r(a) = -21*a**2 + 20*a**2 - 8 + 0 + 18*a - 2 + 7. What is r(18)?
-3
Let k = 4 + -1. Let x(w) = -w**3 + w**2 - 7*w + 21. Let h(q) = -q**3 + q**2 - 8*q + 28. Let a(t) = -3*h(t) + 4*x(t). Determine a(k).
-30
Let x(i) = -56*i + 52. Let k(y) = 21*y - 21. Let p(m) = -5*k(m) - 2*x(m). Let o be (-1)/3*3*1. What is p(o)?
-6
Let p(c) be the second derivative of -c**5/20 + 7*c**4/12 - 11*c**3/6 + 17*c**2/2 - 2*c - 455. Give p(6).
-13
Let q(x) = 10*x**2 + 1 - 4*x**2 + 0*x**2 - 20*x + 1 + 13*x + x**3. What is q(-7)?
2
Suppose 4*p + 8 = 60. Let y = p - 11. Let l(t) = -11*t**y - 2*t**2 + 12*t**2 - 1. What is l(-3)?
-10
Let s(a) be the first derivative of -a**4/24 - 5*a**3/6 + a**2 - 2. Let v(x) be the second derivative of s(x). Let k be (-66)/((-1716)/65)*(-2 - 0). Give v(k).
0
Let r(o) = 4*o**2 - 3*o + 6. Let q(j) = j + 1 - 312*j**2 + 309*j**2 - 7. Let s(m) = -3*q(m) - 2*r(m). Give s(0).
6
Suppose 39 = 11*f - 82. Suppose 4 - 8 = z - 4*w, z + w = f. Let n(u) = u**3 - 7*u**2 - 5*u + 5. What is n(z)?
29
Let o(i) = -13*i + 37. Let m(a) = -27*a + 59. Let j(b) = 4*m(b) - 7*o(b). What is j(-6)?
79
Suppose -4*j + 24 = -2*c, -4*c = 25*j - 28*j + 33. Let a(b) = -20*b + 55. Calculate a(j).
-5
Let j(x) = -x**2 + 20*x - 106. Suppose 0 = z - 5*v - 32, 229*v - 48 = -5*z + 226*v. Give j(z).
-10
Let u(r) = r**2 + 23*r + 54. Let a be u(-20). Let g(j) = j**3 + 4*j**2 - 21*j - 50. Calculate g(a).
4
Let l(x) = 5 + 5 - 11*x + 17 - x**2. Let o be l(-13). Let u(v) = -10*v + 1. Determine u(o).
-9
Let h(a) = -41*a**2 - 276*a - 29*a**2 + 297*a - a**3 - 33*a**2 + 93*a**2 + 3. Give h(-12).
39
Let w = -17158 - -17150. Let p(k) = 5*k + 44. Calculate p(w).
4
Let g(o) = -3*o + 1. Suppose -2*f + 5*a - 1176 = 9*a, -a - 591 = f. Let x = f - -596. Calculate g(x).
-5
Let d be 92/4*(-1090)/(-5014). Let v(f) be the second derivative of -f**6/720 + f**5/60 - f**4/6 + 2*f. Let h(b) be the third derivative of v(b). Give h(d).
-3
Let q(a) = a**2 + 9*a - 245. Let z be q(-21). Let g(o) be the second derivative of o**4/12 - 3*o**3/2 + 6*o**2 - 38*o. Give g(z).
-2
Let h be (-24)/10 - (-39)/(-65). Let r be